 19
Let y = 60 + -56. Suppose -1270 + 410 = -y*c. List the prime factors of c.
5, 43
Suppose -6*j + 6 = -5*j. Let g = j - 12. List the prime factors of g/4*(-96)/36.
2
Let f(y) = 4*y - 20. Let j be f(9). Suppose -j*p + 1405 = -11*p. List the prime factors of p.
281
Suppose 62*v - 108904 - 68044 = 0. What are the prime factors of v?
2, 1427
Let j = -32 + 40. Let r be (-2)/j + (-4011)/(-28). Let a = r + -81. What are the prime factors of a?
2, 31
Let a(x) = 2*x**2 - 6*x. Let i be a(2). What are the prime factors of i/((-3)/((-462)/(-4)))?
2, 7, 11
Let g(v) = v**3 - 10*v**2 + 2*v - 14. Let c be g(10). Let o be (0 - 2 - 4)/(-1). List the prime factors of ((-9)/o)/(c/(-40)).
2, 5
Suppose 2*k + 22 = 2*f, -5*k + 2*f - 65 = -f. Let p = 18 + k. Suppose 0 = 2*h + p*o - 72, 7*o = -h + 2*o + 56. List the prime factors of h.
31
Let g(j) = -j**2 + 14*j - 9. Let p be g(7). Suppose -5*d + 3*i + p = -3, -4*i = -d + 12. Suppose -h + d = -10. What are the prime factors of h?
2, 3
Suppose 45*f + 51 = 42*f. Let v(y) = -7*y - 33. List the prime factors of v(f).
2, 43
Let h(p) = -3*p**3 - 4*p**2 - 3*p + 5. Let n be h(-4). Let v = n + -72. What are the prime factors of v?
73
Suppose -3*x = 2*x - 1125. Suppose 4*z = z + x. What are the prime factors of z?
3, 5
Let l = 150 + -122. Let q(n) = 9*n - 53. List the prime factors of q(l).
199
Let z(w) = -w**3 - w**2 + w + 1. Let k be z(-2). Suppose -f = -k*f + 30. What are the prime factors of f?
3, 5
Suppose 0 = 3*i - 4*g - 6, i + 4*g - g = 2. Suppose w = i*w - 4*r - 20, 52 = 2*w + 4*r. What are the prime factors of w/4*82/12?
41
Let m = -58 + 111. Suppose -m*b + 51*b = -18. What are the prime factors of b?
3
Let i = 5347 - 1057. List the prime factors of i.
2, 3, 5, 11, 13
Let w(n) = n**2 + 2*n - 21. Suppose 4*d = 80 - 20. Let x be w(d). List the prime factors of (-1)/2 + x/12.
19
Let x = -56 + 62. List the prime factors of 16/(-96) - (-445)/x.
2, 37
Suppose -4*a - 4 = -2*a. List the prime factors of (-25)/(4/4 + a).
5
Let o be (0 + 6)*1/(-2). Let w(z) = 3*z**3 - 2*z + 4. Let a(l) = -16*l**3 + 11*l - 20. Let s(x) = -2*a(x) - 11*w(x). List the prime factors of s(o).
23
Let d be 8 - 2/2*0. Suppose -6 = -3*b + 4*b - 2*m, 2*m = d. Suppose -b*i + 56 = -4*x, -6*x = -i - 5*x + 27. List the prime factors of i.
2, 13
Let v(c) = -c**3 - 10*c**2 + 10*c - 9. Let t be v(-11). Let l = t + 3. Suppose u - l - 5 = 0. What are the prime factors of u?
2, 5
What are the prime factors of 8/(-6) + 1 - (-104939)/303?
2, 173
Suppose 0 = 2*a, n - 6*n + 80 = -4*a. Let j = n - 27. Let x = -3 - j. What are the prime factors of x?
2
Let f(r) be the second derivative of -r**5/20 - 5*r**4/12 - 7*r**3/6 - r**2 + 4*r. Let i = -14 + 9. List the prime factors of f(i).
3, 11
Suppose -5*v + 68 = -v. Let s(o) = -6*o**2 + 3*o**2 - 3*o**2 - 11 - 16*o + 7*o**2. List the prime factors of s(v).
2, 3
Let b be (-5 - 1)*(-40)/12. Suppose 2*v = 0, -2 = -2*l - 4*v + 2. Suppose -3*c + 8*c + l*q = 50, -2*c + 3*q = -b. List the prime factors of c.
2, 5
Let v = 0 - -2. Let o(q) = -3*q + 35. Let r be o(6). Suppose v*d - r = 19. What are the prime factors of d?
2, 3
Let t(l) = -6*l + 5. Let c(g) = g + 1. Let s(m) = -5*c(m) - t(m). Let f be s(13). Let u = 16 + f. What are the prime factors of u?
19
What are the prime factors of (-738)/(-205)*(-695)/(-3)?
2, 3, 139
Let u be (9*(-6)/(-9))/1. Suppose 4*l = -3*m + u - 0, 3*l = m - 2. What are the prime factors of m?
2
Let b = 38 - 83. Let z = b + 144. List the prime factors of z.
3, 11
What are the prime factors of 1906 + -4 + 4 + -3?
11, 173
Let b be 6/2*(5 + (-50)/3). Let d be 22/5 - 4/10. List the prime factors of (28/b)/(d/(-130)).
2, 13
Suppose -24 = 5*z + 4*q + 100, -3*q - 16 = z. Let c = z + 64. What are the prime factors of c?
2, 3
Let p = 5205 + -3496. List the prime factors of p.
1709
Let m = 179 - -4. Suppose 5*v - m - 12 = 0. List the prime factors of v.
3, 13
Suppose 5*x = 4*d - 1436, -3*d + 1096 = -26*x + 27*x. List the prime factors of d.
2, 7, 13
Suppose -162 - 66 = -3*g. Suppose -12*j + 11*j + g = 0. What are the prime factors of j?
2, 19
Suppose -144*i - 6292 = -146*i. What are the prime factors of i?
2, 11, 13
Let o be (-29)/(-3) - 1/(-3). Let m(n) = -n**2 + 10*n + 2. What are the prime factors of m(o)?
2
Let o(x) = 128*x + 61. What are the prime factors of o(3)?
5, 89
Suppose -3*n = 4*v - 12178 + 1214, 5*v = 5*n - 18285. What are the prime factors of n?
2, 457
Suppose -v - 4*q = 2*v + 19, 0 = 3*v + q + 16. Let b = v - -133. What are the prime factors of b?
2
Let o = -4 + -8. Let f(p) = -18*p + 33. What are the prime factors of f(o)?
3, 83
Suppose 19*k - 7*k = 1164. List the prime factors of k.
97
Let w(x) be the third derivative of x**5/20 - 3*x**4/8 + 3*x**3/2 + 3*x**2. What are the prime factors of w(4)?
3, 7
Let i be 0 - 0 - 1 - -8. Let s = -2 + i. Suppose -2*a - 3*c + 56 = 0, 140 = 2*a + 3*a - s*c. What are the prime factors of a?
2, 7
Let d(a) = a**3 - 49*a**2 + 2*a + 60. List the prime factors of d(49).
2, 79
Suppose -4*k = -3*k - 2. Suppose -5 - 13 = -k*y. List the prime factors of 5 + (-9)/(y/(-4)).
3
Let o(g) = -g**2 + 7*g - 3. Let f be o(4). Let q = 18 - f. List the prime factors of ((-6)/q)/((-1)/33).
2, 11
Let r(j) = j + 4. Let n be r(0). Suppose -3*s = -5*l - 2, -5*l = s - 10 - n. Suppose -2*o - 2*o - k = -107, -38 = -o - s*k. List the prime factors of o.
2, 13
Let x(z) = 9*z - 6. Let q be x(-7). Let r = 246 + q. List the prime factors of r.
3, 59
Let r = 60 + 160. List the prime factors of r.
2, 5, 11
Let x be (-2 - -4) + 7/(7/(-2)). Suppose 2*a + 3*c = 4*c + 158, -3*a - 3*c + 219 = x. List the prime factors of a.
7, 11
Let j(f) = f**3 - 6*f**2 + 7*f - 6. Let o be j(7). Suppose 0 = -2*s - 0*s + o. What are the prime factors of s?
2, 23
Let f(q) = 10*q + 127. What are the prime factors of f(21)?
337
Let p = 6 + -6. Suppose -d + 6*d - 340 = p. Suppose -3*i - 33 = -t, 2*t + i - 5*i = d. What are the prime factors of t?
2, 3
Let s = 13 - 8. Let p = s - -12. Suppose -p = -r + 16. What are the prime factors of r?
3, 11
Let t(k) = k**2 + 5*k - 6. Let r be t(-7). Suppose -7*u - 22 = -r*u. What are the prime factors of u?
2, 11
Let c(y) = 2*y**3 + 4*y - 3. Let k be c(2). Suppose -6 = 3*s - k. Let m(u) = 7*u + 1. List the prime factors of m(s).
2, 3
Suppose -4*b + 2*x + 80 = 0, -3*b + 16 = -b + 5*x. List the prime factors of b.
2, 3
Let l(j) = j**2 - 12*j + 24. Suppose -28*a + 23*a = -95. What are the prime factors of l(a)?
157
Let t(x) = x**3 + 6*x**2 - 4*x + 3. Let a be 6/21 - 88/14. Let o be t(a). Let s = o + -2. What are the prime factors of s?
5
Suppose 3*m + 9 + 3 = 0. What are the prime factors of (-179)/m + 4/16?
3, 5
Suppose 0*a - a = -f + 5, -15 = -4*f - a. Suppose 5*i - f*g = 50, 5*i + 0*g - 20 = -2*g. Suppose i = 4*x - x. What are the prime factors of x?
2
Let x = -16 + 20. Suppose -w + 41 = x*f, -2*f = f - 5*w - 2. Suppose y - 4*z - 11 = f, 23 = y - z. List the prime factors of y.
2, 3
Suppose 4*q + 2*d = 5*q - 5, -4*q + 2*d = -2. What are the prime factors of (29 - -152) + 2*q/(-2)?
2, 7, 13
Let d = 2693 + -269. List the prime factors of d.
2, 3, 101
Let c be 1/(((-595)/(-295) - 2)/1). Suppose 5*j + 676 = 4*y, -3*j - c - 279 = -2*y. What are the prime factors of y?
13
Suppose -n = 4*j + 20, -j = 3*n + j + 10. Suppose 3*y - 3*z = 21, -4*z - 11 = 2*y - z. Suppose 0 = -y*m - n*m + 32. What are the prime factors of m?
2
Let a be (-33)/(-5) + (-9)/15. Let g = 8 - a. Suppose -4*x + 180 = g*m, -2*x - m = 2*m - 82. What are the prime factors of x?
47
Suppose j + 5 = q, -3*j = 5*q + 2*j + 5. Let m(a) = 55*a**2 + 4. List the prime factors of m(q).
2, 7
Let t be 0/((-6)/(-1 + 4)). Suppose t = 2*o - 38 - 24. List the prime factors of o.
31
Suppose -5 = 2*g + 5. Let z = g - -14. List the prime factors of z.
3
Let h = 6 - 4. Let c be 34/1 + h + -2. Let n = -24 + c. List the prime factors of n.
2, 5
Suppose 4*i - 139 = 5*i. Let o = -35 - i. What are the prime factors of o?
2, 13
Let z be 2/4*(5 + 3). Let q be 3/6*z - -15. List the prime factors of (-12)/((-16)/(-4)) + q.
2, 7
What are the prime factors of (-63)/567 + 19821/27?
2, 367
Suppose -2*o + 6446 = c + c, 3*c = -15. What are the prime factors of o?
2, 3, 269
Let s be (8/(-1) - -20)/(0 + 2). Let t(c) = c**2 + c - 1. Let w(x) = x**3 - 8*x**2 - x - 